{"id":33,"date":"2025-06-17T07:30:13","date_gmt":"2025-06-17T12:30:13","guid":{"rendered":"https:\/\/multimarcars.com\/?page_id=33"},"modified":"2025-06-25T00:45:40","modified_gmt":"2025-06-25T05:45:40","slug":"camiones-vans-y-vehiculos-0km","status":"publish","type":"page","link":"https:\/\/multimarcars.com\/index.php\/camiones-vans-y-vehiculos-0km\/","title":{"rendered":"Camiones, vans y veh\u00edculos 0km"},"content":{"rendered":"\n<div class=\"wp-block-group alignfull has-no-underline is-layout-flow wp-container-core-group-is-layout-83129463 wp-block-group-is-layout-flow\" style=\"margin-top:0;margin-bottom:0;padding-top:0;padding-right:0;padding-bottom:0;padding-left:0\">\n<div class=\"wp-block-cover main-banner-section wow zoomIn delay-1000\" style=\"min-height:469px;aspect-ratio:unset;\"><img fetchpriority=\"high\" decoding=\"async\" width=\"1024\" height=\"682\" class=\"wp-block-cover__image-background wp-image-134 size-large\" alt=\"\" src=\"https:\/\/multimarcars.com\/wp-content\/uploads\/2025\/06\/Pegatina-Rectangulo-Negocio-Etiqueta-Rustico-Hojas-Verde-7-2-1024x682.png\" data-object-fit=\"cover\" srcset=\"https:\/\/multimarcars.com\/wp-content\/uploads\/2025\/06\/Pegatina-Rectangulo-Negocio-Etiqueta-Rustico-Hojas-Verde-7-2-1024x682.png 1024w, https:\/\/multimarcars.com\/wp-content\/uploads\/2025\/06\/Pegatina-Rectangulo-Negocio-Etiqueta-Rustico-Hojas-Verde-7-2-300x200.png 300w, https:\/\/multimarcars.com\/wp-content\/uploads\/2025\/06\/Pegatina-Rectangulo-Negocio-Etiqueta-Rustico-Hojas-Verde-7-2-768x512.png 768w, https:\/\/multimarcars.com\/wp-content\/uploads\/2025\/06\/Pegatina-Rectangulo-Negocio-Etiqueta-Rustico-Hojas-Verde-7-2-1536x1024.png 1536w, https:\/\/multimarcars.com\/wp-content\/uploads\/2025\/06\/Pegatina-Rectangulo-Negocio-Etiqueta-Rustico-Hojas-Verde-7-2.png 1772w\" sizes=\"(max-width: 1024px) 100vw, 1024px\" \/><span aria-hidden=\"true\" class=\"wp-block-cover__background has-black-background-color has-background-dim-60 has-background-dim\"><\/span><div class=\"wp-block-cover__inner-container is-layout-flow wp-block-cover-is-layout-flow\">\n<div class=\"wp-block-columns is-layout-flex wp-container-core-columns-is-layout-28f84493 wp-block-columns-is-layout-flex\">\n<div class=\"wp-block-column is-layout-flow wp-block-column-is-layout-flow\"><\/div>\n\n\n\n<div class=\"wp-block-column is-vertically-aligned-center is-layout-flow wp-block-column-is-layout-flow\" style=\"flex-basis:45%\">\n<h2 class=\"wp-block-heading has-text-align-center\" style=\"font-size:35px\">Camiones, vans y veh\u00edculos 0km<\/h2>\n\n\n\n<figure class=\"wp-block-image aligncenter size-full\"><img decoding=\"async\" src=\"https:\/\/multimarcars.com\/wp-content\/themes\/auto-car-dealership\/images\/car-border1.png\" alt=\"\" class=\"wp-image-14\"\/><\/figure>\n\n\n\n<p class=\"has-text-align-center\" style=\"font-size:14px;line-height:1.5\">Ofrecemos Camiones, Vans y Veh\u00edculos 0\u202fkm de las marcas m\u00e1s reconocidas del mercado; calificadas por su alta calidad, durabilidad y alto desempe\u00f1o. Cada unidad cuenta con el respaldo, garant\u00eda y calidad que distingue a cada fabricante.<br>En <strong>MultimarCars<\/strong>, te conectamos con lo mejor para tu negocio, asegurando el crecimiento e impulso desde el primer kil\u00f3metro<\/p>\n<\/div>\n\n\n\n<div class=\"wp-block-column is-layout-flow wp-block-column-is-layout-flow\"><\/div>\n<\/div>\n<\/div><\/div>\n\n\n\n<h2 class=\"wp-block-heading has-text-align-center\"><strong>Nuestras marcas Camiones<\/strong><\/h2>\n\n\n\n<div class=\"wp-block-columns is-layout-flex wp-container-core-columns-is-layout-28f84493 wp-block-columns-is-layout-flex\">\n<div class=\"wp-block-column is-layout-flow wp-block-column-is-layout-flow\">\n<figure class=\"wp-block-image aligncenter size-full is-resized\"><img decoding=\"async\" width=\"500\" height=\"500\" src=\"https:\/\/multimarcars.com\/wp-content\/uploads\/2025\/06\/OTIGGEN-5.png\" alt=\"\" class=\"wp-image-290\" style=\"width:273px;height:auto\" srcset=\"https:\/\/multimarcars.com\/wp-content\/uploads\/2025\/06\/OTIGGEN-5.png 500w, https:\/\/multimarcars.com\/wp-content\/uploads\/2025\/06\/OTIGGEN-5-300x300.png 300w, https:\/\/multimarcars.com\/wp-content\/uploads\/2025\/06\/OTIGGEN-5-150x150.png 150w\" sizes=\"(max-width: 500px) 100vw, 500px\" \/><\/figure>\n\n\n\n<figure class=\"wp-block-image aligncenter size-full\"><a href=\"https:\/\/api.whatsapp.com\/send\/?phone=573188928000&amp;text=Solicitar%20catalogo%20JMC&amp;type=phone_number&amp;app_absent=0\"><img decoding=\"async\" width=\"345\" height=\"55\" src=\"https:\/\/multimarcars.com\/wp-content\/uploads\/2025\/06\/image-26.png\" alt=\"\" class=\"wp-image-301\" srcset=\"https:\/\/multimarcars.com\/wp-content\/uploads\/2025\/06\/image-26.png 345w, https:\/\/multimarcars.com\/wp-content\/uploads\/2025\/06\/image-26-300x48.png 300w\" sizes=\"(max-width: 345px) 100vw, 345px\" \/><\/a><\/figure>\n\n\n\n<p class=\"has-text-align-center\"><\/p>\n\n\n\n<p class=\"has-text-align-center\"><\/p>\n<\/div>\n\n\n\n<div class=\"wp-block-column is-layout-flow wp-block-column-is-layout-flow\">\n<figure class=\"wp-block-image aligncenter size-full is-resized\"><img loading=\"lazy\" decoding=\"async\" width=\"500\" height=\"500\" src=\"https:\/\/multimarcars.com\/wp-content\/uploads\/2025\/06\/OTIGGEN-6.png\" alt=\"\" class=\"wp-image-291\" style=\"width:273px;height:auto\" srcset=\"https:\/\/multimarcars.com\/wp-content\/uploads\/2025\/06\/OTIGGEN-6.png 500w, https:\/\/multimarcars.com\/wp-content\/uploads\/2025\/06\/OTIGGEN-6-300x300.png 300w, https:\/\/multimarcars.com\/wp-content\/uploads\/2025\/06\/OTIGGEN-6-150x150.png 150w\" sizes=\"(max-width: 500px) 100vw, 500px\" \/><\/figure>\n\n\n\n<figure class=\"wp-block-image aligncenter size-full\"><a href=\"https:\/\/api.whatsapp.com\/send\/?phone=573188928000&amp;text=Solicitar%20catalogo%20Chvlt&amp;type=phone_number&amp;app_absent=0\"><img loading=\"lazy\" decoding=\"async\" width=\"345\" height=\"55\" src=\"https:\/\/multimarcars.com\/wp-content\/uploads\/2025\/06\/image-25.png\" alt=\"\/\/wa.me\/3188928000\" class=\"wp-image-300\" srcset=\"https:\/\/multimarcars.com\/wp-content\/uploads\/2025\/06\/image-25.png 345w, https:\/\/multimarcars.com\/wp-content\/uploads\/2025\/06\/image-25-300x48.png 300w\" sizes=\"(max-width: 345px) 100vw, 345px\" \/><\/a><\/figure>\n\n\n\n<p class=\"has-text-align-center\"><\/p>\n<\/div>\n\n\n\n<div class=\"wp-block-column is-layout-flow wp-block-column-is-layout-flow\">\n<figure class=\"wp-block-image aligncenter size-full is-resized\"><img loading=\"lazy\" decoding=\"async\" width=\"191\" height=\"173\" src=\"https:\/\/multimarcars.com\/wp-content\/uploads\/2025\/06\/fvdvfvffvf-removebg-preview.png\" alt=\"\" class=\"wp-image-286\" style=\"width:309px;height:auto\"\/><\/figure>\n\n\n\n<figure class=\"wp-block-image aligncenter size-full is-resized\"><a href=\"https:\/\/api.whatsapp.com\/send\/?phone=573188928000&amp;text=Solicitar%20catalogo%20Foton%0A&amp;type=phone_number&amp;app_absent=0\"><img loading=\"lazy\" decoding=\"async\" width=\"345\" height=\"55\" src=\"https:\/\/multimarcars.com\/wp-content\/uploads\/2025\/06\/image-24.png\" alt=\"\" class=\"wp-image-299\" style=\"width:345px;height:auto\" srcset=\"https:\/\/multimarcars.com\/wp-content\/uploads\/2025\/06\/image-24.png 345w, https:\/\/multimarcars.com\/wp-content\/uploads\/2025\/06\/image-24-300x48.png 300w\" sizes=\"(max-width: 345px) 100vw, 345px\" \/><\/a><\/figure>\n\n\n\n<p class=\"has-text-align-center\"><\/p>\n<\/div>\n<\/div>\n<\/div>\n\n\n\n<div class=\"wp-block-columns is-layout-flex wp-container-core-columns-is-layout-28f84493 wp-block-columns-is-layout-flex\">\n<div class=\"wp-block-column is-layout-flow wp-block-column-is-layout-flow\">\n<figure class=\"wp-block-image aligncenter size-full is-resized\"><img loading=\"lazy\" decoding=\"async\" width=\"178\" height=\"136\" src=\"https:\/\/multimarcars.com\/wp-content\/uploads\/2025\/06\/Imagen1sssssssss-removebg-preview.png\" alt=\"\" class=\"wp-image-287\" style=\"width:268px;height:auto\"\/><\/figure>\n\n\n\n<figure class=\"wp-block-image aligncenter size-full is-resized\"><a href=\"https:\/\/api.whatsapp.com\/send\/?phone=573188928000&amp;text=Solicitar%20catalogo%20JAC%0A&amp;type=phone_number&amp;app_absent=0\"><img loading=\"lazy\" decoding=\"async\" width=\"345\" height=\"55\" src=\"https:\/\/multimarcars.com\/wp-content\/uploads\/2025\/06\/image-27.png\" alt=\"\" class=\"wp-image-302\" style=\"width:351px;height:auto\" srcset=\"https:\/\/multimarcars.com\/wp-content\/uploads\/2025\/06\/image-27.png 345w, https:\/\/multimarcars.com\/wp-content\/uploads\/2025\/06\/image-27-300x48.png 300w\" sizes=\"(max-width: 345px) 100vw, 345px\" \/><\/a><\/figure>\n\n\n\n<p class=\"has-text-align-center\"><\/p>\n\n\n\n<p><\/p>\n<\/div>\n\n\n\n<div class=\"wp-block-column is-layout-flow wp-block-column-is-layout-flow\">\n<figure class=\"wp-block-image aligncenter size-full is-resized\"><img loading=\"lazy\" decoding=\"async\" width=\"259\" height=\"156\" src=\"https:\/\/multimarcars.com\/wp-content\/uploads\/2025\/06\/nnjyuikgjhjgh-removebg-preview.png\" alt=\"\" class=\"wp-image-288\" style=\"width:343px;height:auto\"\/><\/figure>\n\n\n\n<figure class=\"wp-block-image aligncenter size-full is-resized\"><a href=\"https:\/\/api.whatsapp.com\/send\/?phone=573188928000&amp;text=Solicitar%20catalogo%20DngFng%0A&amp;type=phone_number&amp;app_absent=0\"><img loading=\"lazy\" decoding=\"async\" width=\"345\" height=\"55\" src=\"https:\/\/multimarcars.com\/wp-content\/uploads\/2025\/06\/image-29.png\" alt=\"\" class=\"wp-image-304\" style=\"width:363px;height:auto\" srcset=\"https:\/\/multimarcars.com\/wp-content\/uploads\/2025\/06\/image-29.png 345w, https:\/\/multimarcars.com\/wp-content\/uploads\/2025\/06\/image-29-300x48.png 300w\" sizes=\"(max-width: 345px) 100vw, 345px\" \/><\/a><\/figure>\n\n\n\n<p class=\"has-text-align-center\"><\/p>\n<\/div>\n\n\n\n<div class=\"wp-block-column is-layout-flow wp-block-column-is-layout-flow\">\n<figure class=\"wp-block-image aligncenter size-full is-resized\"><img loading=\"lazy\" decoding=\"async\" width=\"160\" height=\"160\" src=\"https:\/\/multimarcars.com\/wp-content\/uploads\/2025\/06\/bgfbgfbgfbg-removebg-preview.png\" alt=\"\" class=\"wp-image-289\" style=\"width:202px;height:auto\" srcset=\"https:\/\/multimarcars.com\/wp-content\/uploads\/2025\/06\/bgfbgfbgfbg-removebg-preview.png 160w, https:\/\/multimarcars.com\/wp-content\/uploads\/2025\/06\/bgfbgfbgfbg-removebg-preview-150x150.png 150w\" sizes=\"(max-width: 160px) 100vw, 160px\" \/><\/figure>\n\n\n\n<figure class=\"wp-block-image aligncenter size-full is-resized\"><a href=\"https:\/\/api.whatsapp.com\/send\/?phone=Solicitar%20catalogo%20Sinotruck%0A&amp;type=phone_number&amp;app_absent=0\"><img loading=\"lazy\" decoding=\"async\" width=\"345\" height=\"55\" src=\"https:\/\/multimarcars.com\/wp-content\/uploads\/2025\/06\/image-30.png\" alt=\"\" class=\"wp-image-305\" style=\"width:383px;height:auto\" srcset=\"https:\/\/multimarcars.com\/wp-content\/uploads\/2025\/06\/image-30.png 345w, https:\/\/multimarcars.com\/wp-content\/uploads\/2025\/06\/image-30-300x48.png 300w\" sizes=\"(max-width: 345px) 100vw, 345px\" \/><\/a><\/figure>\n\n\n\n<p class=\"has-text-align-center\"><\/p>\n<\/div>\n<\/div>\n\n\n\n<div class=\"wp-block-columns is-layout-flex wp-container-core-columns-is-layout-28f84493 wp-block-columns-is-layout-flex\">\n<div class=\"wp-block-column is-layout-flow wp-block-column-is-layout-flow\">\n<figure class=\"wp-block-image aligncenter size-full\"><img loading=\"lazy\" decoding=\"async\" width=\"500\" height=\"500\" src=\"https:\/\/multimarcars.com\/wp-content\/uploads\/2025\/06\/OTIGGEN-12.png\" alt=\"\" class=\"wp-image-311\" srcset=\"https:\/\/multimarcars.com\/wp-content\/uploads\/2025\/06\/OTIGGEN-12.png 500w, https:\/\/multimarcars.com\/wp-content\/uploads\/2025\/06\/OTIGGEN-12-300x300.png 300w, https:\/\/multimarcars.com\/wp-content\/uploads\/2025\/06\/OTIGGEN-12-150x150.png 150w\" sizes=\"(max-width: 500px) 100vw, 500px\" \/><\/figure>\n\n\n\n<figure class=\"wp-block-image aligncenter size-full is-resized\"><img loading=\"lazy\" decoding=\"async\" width=\"597\" height=\"75\" src=\"https:\/\/multimarcars.com\/wp-content\/uploads\/2025\/06\/image-31.png\" alt=\"\" class=\"wp-image-313\" style=\"width:406px;height:auto\" srcset=\"https:\/\/multimarcars.com\/wp-content\/uploads\/2025\/06\/image-31.png 597w, https:\/\/multimarcars.com\/wp-content\/uploads\/2025\/06\/image-31-300x38.png 300w\" sizes=\"(max-width: 597px) 100vw, 597px\" \/><\/figure>\n\n\n\n<figure class=\"wp-block-image aligncenter size-full is-resized\"><a href=\"https:\/\/api.whatsapp.com\/send\/?phone=573188928000&amp;text=Solicitar%20catalogo%20de%20van%0A&amp;type=phone_number&amp;app_absent=0\"><img loading=\"lazy\" decoding=\"async\" width=\"520\" height=\"81\" src=\"https:\/\/multimarcars.com\/wp-content\/uploads\/2025\/06\/image-33.png\" alt=\"\" class=\"wp-image-315\" style=\"width:270px;height:auto\" srcset=\"https:\/\/multimarcars.com\/wp-content\/uploads\/2025\/06\/image-33.png 520w, https:\/\/multimarcars.com\/wp-content\/uploads\/2025\/06\/image-33-300x47.png 300w\" sizes=\"(max-width: 520px) 100vw, 520px\" \/><\/a><\/figure>\n<\/div>\n\n\n\n<div class=\"wp-block-column is-layout-flow wp-block-column-is-layout-flow\">\n<figure class=\"wp-block-image aligncenter size-full\"><img loading=\"lazy\" decoding=\"async\" width=\"500\" height=\"500\" src=\"https:\/\/multimarcars.com\/wp-content\/uploads\/2025\/06\/OTIGGEN-13.png\" alt=\"\" class=\"wp-image-312\" srcset=\"https:\/\/multimarcars.com\/wp-content\/uploads\/2025\/06\/OTIGGEN-13.png 500w, https:\/\/multimarcars.com\/wp-content\/uploads\/2025\/06\/OTIGGEN-13-300x300.png 300w, https:\/\/multimarcars.com\/wp-content\/uploads\/2025\/06\/OTIGGEN-13-150x150.png 150w\" sizes=\"(max-width: 500px) 100vw, 500px\" \/><\/figure>\n\n\n\n<figure class=\"wp-block-image aligncenter size-full is-resized\"><img loading=\"lazy\" decoding=\"async\" width=\"735\" height=\"86\" src=\"https:\/\/multimarcars.com\/wp-content\/uploads\/2025\/06\/image-32.png\" alt=\"\" class=\"wp-image-314\" style=\"width:427px;height:auto\" srcset=\"https:\/\/multimarcars.com\/wp-content\/uploads\/2025\/06\/image-32.png 735w, https:\/\/multimarcars.com\/wp-content\/uploads\/2025\/06\/image-32-300x35.png 300w\" sizes=\"(max-width: 735px) 100vw, 735px\" \/><\/figure>\n\n\n\n<figure class=\"wp-block-image aligncenter size-full is-resized\"><a href=\"https:\/\/api.whatsapp.com\/send\/?phone=573188928000&amp;text=Solicitar%20catalogo%20veh%C3%ADculos%20particulares%0A&amp;type=phone_number&amp;app_absent=0\"><img loading=\"lazy\" decoding=\"async\" width=\"776\" height=\"81\" src=\"https:\/\/multimarcars.com\/wp-content\/uploads\/2025\/06\/image-35.png\" alt=\"\" class=\"wp-image-317\" style=\"width:441px;height:auto\" srcset=\"https:\/\/multimarcars.com\/wp-content\/uploads\/2025\/06\/image-35.png 776w, https:\/\/multimarcars.com\/wp-content\/uploads\/2025\/06\/image-35-300x31.png 300w, https:\/\/multimarcars.com\/wp-content\/uploads\/2025\/06\/image-35-768x80.png 768w\" sizes=\"(max-width: 776px) 100vw, 776px\" \/><\/a><\/figure>\n<\/div>\n<\/div>\n\n\n\n<div class=\"wp-block-columns is-layout-flex wp-container-core-columns-is-layout-28f84493 wp-block-columns-is-layout-flex\">\n<div class=\"wp-block-column is-layout-flow wp-block-column-is-layout-flow\">\n<figure class=\"wp-block-image aligncenter size-large\"><img loading=\"lazy\" decoding=\"async\" width=\"1024\" height=\"117\" src=\"https:\/\/multimarcars.com\/wp-content\/uploads\/2025\/06\/presentacion-briefing-para-marca-estilo-new-new-roman-1-1024x117.png\" alt=\"\" class=\"wp-image-322\" srcset=\"https:\/\/multimarcars.com\/wp-content\/uploads\/2025\/06\/presentacion-briefing-para-marca-estilo-new-new-roman-1-1024x117.png 1024w, https:\/\/multimarcars.com\/wp-content\/uploads\/2025\/06\/presentacion-briefing-para-marca-estilo-new-new-roman-1-300x34.png 300w, https:\/\/multimarcars.com\/wp-content\/uploads\/2025\/06\/presentacion-briefing-para-marca-estilo-new-new-roman-1-768x88.png 768w, https:\/\/multimarcars.com\/wp-content\/uploads\/2025\/06\/presentacion-briefing-para-marca-estilo-new-new-roman-1-1536x175.png 1536w, https:\/\/multimarcars.com\/wp-content\/uploads\/2025\/06\/presentacion-briefing-para-marca-estilo-new-new-roman-1.png 1877w\" sizes=\"(max-width: 1024px) 100vw, 1024px\" \/><\/figure>\n<\/div>\n<\/div>\n","protected":false},"excerpt":{"rendered":"<p>Nuestras marcas Camiones<\/p>\n","protected":false},"author":1,"featured_media":0,"parent":0,"menu_order":0,"comment_status":"closed","ping_status":"closed","template":"","meta":{"footnotes":""},"class_list":["post-33","page","type-page","status-publish","hentry"],"_links":{"self":[{"href":"https:\/\/multimarcars.com\/index.php\/wp-json\/wp\/v2\/pages\/33","targetHints":{"allow":["GET"]}}],"collection":[{"href":"https:\/\/multimarcars.com\/index.php\/wp-json\/wp\/v2\/pages"}],"about":[{"href":"https:\/\/multimarcars.com\/index.php\/wp-json\/wp\/v2\/types\/page"}],"author":[{"embeddable":true,"href":"https:\/\/multimarcars.com\/index.php\/wp-json\/wp\/v2\/users\/1"}],"replies":[{"embeddable":true,"href":"https:\/\/multimarcars.com\/index.php\/wp-json\/wp\/v2\/comments?post=33"}],"version-history":[{"count":18,"href":"https:\/\/multimarcars.com\/index.php\/wp-json\/wp\/v2\/pages\/33\/revisions"}],"predecessor-version":[{"id":373,"href":"https:\/\/multimarcars.com\/index.php\/wp-json\/wp\/v2\/pages\/33\/revisions\/373"}],"wp:attachment":[{"href":"https:\/\/multimarcars.com\/index.php\/wp-json\/wp\/v2\/media?parent=33"}],"curies":[{"name":"wp","href":"https:\/\/api.w.org\/{rel}","templated":true}]}}