{"id":170,"date":"2025-06-20T08:10:22","date_gmt":"2025-06-20T13:10:22","guid":{"rendered":"https:\/\/multimarcars.com\/?page_id=170"},"modified":"2025-06-25T11:26:49","modified_gmt":"2025-06-25T16:26:49","slug":"camiones-usados","status":"publish","type":"page","link":"https:\/\/multimarcars.com\/index.php\/camiones-usados\/","title":{"rendered":"Camiones usados"},"content":{"rendered":"\n<div class=\"wp-block-cover main-banner-section wow zoomIn delay-1000\" style=\"min-height:375px;aspect-ratio:unset;\"><img fetchpriority=\"high\" decoding=\"async\" width=\"2560\" height=\"1709\" class=\"wp-block-cover__image-background wp-image-125 size-full\" alt=\"\" src=\"https:\/\/multimarcars.com\/wp-content\/uploads\/2025\/06\/grupo-de-camiones-estacionados-en-una-fila-scaled.jpg\" data-object-fit=\"cover\" srcset=\"https:\/\/multimarcars.com\/wp-content\/uploads\/2025\/06\/grupo-de-camiones-estacionados-en-una-fila-scaled.jpg 2560w, https:\/\/multimarcars.com\/wp-content\/uploads\/2025\/06\/grupo-de-camiones-estacionados-en-una-fila-300x200.jpg 300w, https:\/\/multimarcars.com\/wp-content\/uploads\/2025\/06\/grupo-de-camiones-estacionados-en-una-fila-1024x683.jpg 1024w, https:\/\/multimarcars.com\/wp-content\/uploads\/2025\/06\/grupo-de-camiones-estacionados-en-una-fila-768x513.jpg 768w, https:\/\/multimarcars.com\/wp-content\/uploads\/2025\/06\/grupo-de-camiones-estacionados-en-una-fila-1536x1025.jpg 1536w, https:\/\/multimarcars.com\/wp-content\/uploads\/2025\/06\/grupo-de-camiones-estacionados-en-una-fila-2048x1367.jpg 2048w\" sizes=\"(max-width: 2560px) 100vw, 2560px\" \/><span aria-hidden=\"true\" class=\"wp-block-cover__background has-black-background-color has-background-dim-60 has-background-dim\"><\/span><div class=\"wp-block-cover__inner-container is-layout-flow wp-block-cover-is-layout-flow\">\n<div class=\"wp-block-columns is-layout-flex wp-container-core-columns-is-layout-28f84493 wp-block-columns-is-layout-flex\">\n<div class=\"wp-block-column is-layout-flow wp-block-column-is-layout-flow\"><\/div>\n\n\n\n<div class=\"wp-block-column is-vertically-aligned-center is-layout-flow wp-block-column-is-layout-flow\" style=\"flex-basis:45%\">\n<h2 class=\"wp-block-heading has-text-align-center\" style=\"font-size:29px;text-transform:uppercase\">CAMIONES USADOS<\/h2>\n\n\n\n<figure class=\"wp-block-image aligncenter size-full wp-duotone-blue-red\"><img decoding=\"async\" src=\"https:\/\/multimarcars.com\/wp-content\/themes\/auto-car-dealership\/images\/car-border1.png\" alt=\"\" class=\"wp-image-14\"\/><\/figure>\n\n\n\n<p class=\"has-text-align-center\" style=\"font-size:15px;line-height:1.5\">Contamos con camiones usados en excelente estado, listos para trabajar y seguir rindiendo en tu operaci\u00f3n diaria. Cada uno ha sido revisado garantizando calidad, buen precio y respaldo profesional<\/p>\n\n\n\n<div class=\"wp-block-buttons is-content-justification-center is-layout-flex wp-container-core-buttons-is-layout-a89b3969 wp-block-buttons-is-layout-flex\">\n<div class=\"wp-block-button\"><a class=\"wp-block-button__link has-text-color has-background wp-element-button\" href=\"https:\/\/api.whatsapp.com\/send\/?phone=573188928000&amp;text=Necesito%20asesoria%20personalizada%20&amp;type=phone_number&amp;app_absent=0\" style=\"border-radius:30px;color:var(--wp--preset--color--primary);background-color:var(--wp--preset--color--secondary)\">Solicitar asesor\u00eda<\/a><\/div>\n<\/div>\n<\/div>\n\n\n\n<div class=\"wp-block-column is-layout-flow wp-block-column-is-layout-flow\"><\/div>\n<\/div>\n<\/div><\/div>\n\n\n\n<div class=\"wp-block-columns is-layout-flex wp-container-core-columns-is-layout-28f84493 wp-block-columns-is-layout-flex\">\n<div class=\"wp-block-column is-layout-flow wp-block-column-is-layout-flow\" style=\"flex-basis:66.66%\">\n<figure class=\"wp-block-image aligncenter size-large is-resized\"><img decoding=\"async\" width=\"1024\" height=\"576\" src=\"https:\/\/multimarcars.com\/wp-content\/uploads\/2025\/06\/presentacion-briefing-para-marca-estilo-new-new-roman-3-1024x576.png\" alt=\"\" class=\"wp-image-500\" style=\"width:811px;height:auto\" srcset=\"https:\/\/multimarcars.com\/wp-content\/uploads\/2025\/06\/presentacion-briefing-para-marca-estilo-new-new-roman-3-1024x576.png 1024w, https:\/\/multimarcars.com\/wp-content\/uploads\/2025\/06\/presentacion-briefing-para-marca-estilo-new-new-roman-3-300x169.png 300w, https:\/\/multimarcars.com\/wp-content\/uploads\/2025\/06\/presentacion-briefing-para-marca-estilo-new-new-roman-3-768x432.png 768w, https:\/\/multimarcars.com\/wp-content\/uploads\/2025\/06\/presentacion-briefing-para-marca-estilo-new-new-roman-3-1600x900.png 1600w, https:\/\/multimarcars.com\/wp-content\/uploads\/2025\/06\/presentacion-briefing-para-marca-estilo-new-new-roman-3-1536x864.png 1536w, https:\/\/multimarcars.com\/wp-content\/uploads\/2025\/06\/presentacion-briefing-para-marca-estilo-new-new-roman-3.png 1920w\" sizes=\"(max-width: 1024px) 100vw, 1024px\" \/><\/figure>\n<\/div>\n\n\n\n<div class=\"wp-block-column is-layout-flow wp-block-column-is-layout-flow\" style=\"flex-basis:33.33%\">\n<p class=\"has-text-align-center has-foreground-color has-text-color has-link-color has-montserrat-font-family wp-elements-a3a11018c6848b1a16339a66aeb78874\" style=\"text-transform:uppercase\"><strong>Nuestros camiones ofrecen<\/strong><\/p>\n\n\n\n<p><\/p>\n\n\n\n<ul class=\"wp-block-list\">\n<li>\u2705 Modelos recientes y variedad de marcas reconocidas<\/li>\n\n\n\n<li>\u2705 Opciones con carrocer\u00edas especializadas: estacas, furg\u00f3n, planch\u00f3n, t\u00e9rmicos y m\u00e1s<\/li>\n\n\n\n<li>\u2705 Disponibilidad para inspecci\u00f3n previa<\/li>\n\n\n\n<li>\u2705 Kilometraje real verificado<\/li>\n\n\n\n<li>\u2705 Documentaci\u00f3n al d\u00eda y listos para traspaso<\/li>\n\n\n\n<li>\u2705 Revisi\u00f3n t\u00e9cnico-mec\u00e1nica actualizada<\/li>\n\n\n\n<li>\u2705 Asesor\u00eda personalizada seg\u00fan el tipo de carga o uso que necesitas<\/li>\n<\/ul>\n<\/div>\n<\/div>\n\n\n\n<h2 class=\"wp-block-heading has-text-align-center\">En <strong>MultimarCars<\/strong> te ofrecemos la confianza de una compra segura, con veh\u00edculos que siguen dando resultados y respaldan tu productividad<\/h2>\n\n\n\n<figure class=\"wp-block-image aligncenter size-full is-resized\"><a href=\"https:\/\/api.whatsapp.com\/send\/?phone=573188928000&amp;text=Solicitar%20catalogo%20Camiones%20Usados%0A&amp;type=phone_number&amp;app_absent=0\"><img decoding=\"async\" width=\"748\" height=\"85\" src=\"https:\/\/multimarcars.com\/wp-content\/uploads\/2025\/06\/image-40.png\" alt=\"\" class=\"wp-image-397\" style=\"width:390px;height:auto\" srcset=\"https:\/\/multimarcars.com\/wp-content\/uploads\/2025\/06\/image-40.png 748w, https:\/\/multimarcars.com\/wp-content\/uploads\/2025\/06\/image-40-300x34.png 300w\" sizes=\"(max-width: 748px) 100vw, 748px\" \/><\/a><\/figure>\n","protected":false},"excerpt":{"rendered":"<p>Nuestros camiones ofrecen En MultimarCars te ofrecemos la confianza de una compra segura, con veh\u00edculos [&hellip;]<\/p>\n","protected":false},"author":1,"featured_media":0,"parent":0,"menu_order":0,"comment_status":"closed","ping_status":"closed","template":"","meta":{"footnotes":""},"class_list":["post-170","page","type-page","status-publish","hentry"],"_links":{"self":[{"href":"https:\/\/multimarcars.com\/index.php\/wp-json\/wp\/v2\/pages\/170","targetHints":{"allow":["GET"]}}],"collection":[{"href":"https:\/\/multimarcars.com\/index.php\/wp-json\/wp\/v2\/pages"}],"about":[{"href":"https:\/\/multimarcars.com\/index.php\/wp-json\/wp\/v2\/types\/page"}],"author":[{"embeddable":true,"href":"https:\/\/multimarcars.com\/index.php\/wp-json\/wp\/v2\/users\/1"}],"replies":[{"embeddable":true,"href":"https:\/\/multimarcars.com\/index.php\/wp-json\/wp\/v2\/comments?post=170"}],"version-history":[{"count":10,"href":"https:\/\/multimarcars.com\/index.php\/wp-json\/wp\/v2\/pages\/170\/revisions"}],"predecessor-version":[{"id":524,"href":"https:\/\/multimarcars.com\/index.php\/wp-json\/wp\/v2\/pages\/170\/revisions\/524"}],"wp:attachment":[{"href":"https:\/\/multimarcars.com\/index.php\/wp-json\/wp\/v2\/media?parent=170"}],"curies":[{"name":"wp","href":"https:\/\/api.w.org\/{rel}","templated":true}]}}